 - (0 + -7 + 111).
-96
Calculate 28 + (18 - 23) + 17 + (9 - 7).
42
What is (47 - -59) + -44 + -53 - (111 - 1)?
-101
What is the value of 8 + -79 + (16 + 24 - 13)?
-44
(0 - -3) + (-1 - -34 - 35)
1
Calculate (65 - -3) + (844 - 785).
127
What is -7 - (161 - (-5 - -84))?
-89
734 + -758 + -55 + -9 + 2
-86
Calculate (-1 - 0) + 3 - (-88 - -127 - 40).
3
-77 - (-6 - -51 - 90)
-32
-11 + -9 + -13 + 17 - -8
-8
6 + (-5 - -12) - 49
-36
Evaluate (77 - -22 - (56 - 29)) + -28.
44
What is the value of 4 + -18 + -47 - -68?
7
-9 + (7 - 9) + (-2 - -2) - (-732 - -816)
-95
Calculate (-3 + 11 - 2) + -46 + 18 + -23.
-45
What is 43 - (23 - 81) - ((5 - 1) + -8)?
105
Evaluate -11 + -114 - -83 - -48.
6
Calculate -10 - (-35 + -7 + -34).
66
-103 + (18 - (-37 - -52)) + 3 + 6
-91
What is -18 + -15 + 181 + -143?
5
Evaluate 6 + (12 - (13 - -11)) - -11 - 2.
3
What is the value of 23 + -1 - (-26 - 0 - (1414 + -1436))?
26
Evaluate (90 - 75) + (31 - 3).
43
-45 - (27 + (-19 - (-12 + 2 + 6)))
-57
Evaluate -126 + (11 - ((-33 - -12) + 13)).
-107
Calculate 27 + (12 - 7 - (7 + 0)).
25
Calculate 97 + -173 + -20 + 40.
-56
What is the value of ((-37 - -18) + 3 - (-1 + -37)) + (-1 - 0)?
21
What is the value of 4 - (-10 + 23) - (-2 + 2 + -103 + 13)?
81
Evaluate -3 - (-1 - -34 - 62).
26
(-4 - -3) + (-3 - (27 - 45))
14
Evaluate -48 - (-40 - (-41 - -25) - 2) - (-9 - 1).
-12
What is 30 - (15 + (2 - (27 - 28) - (-1 - -9)))?
20
What is the value of (5 - 2 - -21) + 15 + (-11 - (-8 + 6))?
30
71 + (53 - 101) + -31
-8
What is (11 - 85 - -42) + (0 - -1)?
-31
(0 + 0 - 0) + (4 - (-33 - -4 - -69))
-36
-7 + (-68 - -3) + 56
-16
Evaluate -15 + (-1 - -10 - -15 - -14).
23
Evaluate (-63 - (-63 + 10 + 31)) + (1 - (-2 + 0)).
-38
What is (-90 - 1) + 22 + (-25 - -2 - (20 + -22))?
-90
Calculate 55 + -61 + -20 + -1.
-27
Evaluate 21 + (-1 + 18 - (177 + 20 + -27)).
-132
What is -20 - (129 - (101 + 60))?
12
Calculate 20 + -4 + 1 + 4 + (428 - 488).
-39
Calculate 82 + (72 + -115 - 12).
27
Evaluate 8 - (4 + (5 + -7 + 3 - (131 - 141))).
-7
Calculate 77 + (-45 - -42) + -40.
34
What is -12 + -4 + (-3 - -8) - (-32 + 41 + 31)?
-51
-23 - -47 - ((487 - 483) + 0 + 5 + 1)
14
(461 - 449) + 3 + (5 + -3 - 8)
9
Calculate 49 - (0 + 2 - (-3 + 2) - (1513 - 1503)).
56
Evaluate (-3 - 1) + 0 + (-65 - (-94 + 44)).
-19
-26 + 104 + -42 + -28
8
Evaluate (117 - (-57 - -145)) + 16.
45
What is 47 - (51 - (-60 - -18))?
-46
What is 56 + -81 + 81 + -30?
26
What is the value of -126 + 127 - (-4 - (-13 - (-2 - (-10 + 6))))?
-10
Evaluate -196 - (42 + -97 + -58).
-83
Calculate 1 - 3 - (0 + -36 - (176 - 160)).
50
-2 + 7 + (-1 + -51 - (28 + -35)) + 4
-36
Evaluate -3 - 14 - -12 - (-2 - 0 - (-102 + 2)).
-103
What is the value of (-14 - (-31 + 13 + 11)) + 4 - (-3 - 20)?
20
What is -2 - (46 + -49 - (1 + -8) - (-107 + 50))?
-63
Calculate 24 + (59 - 12) + -52.
19
170 + -172 + -1 + 2 + -98 - -14 - -5
-80
What is the value of -27 + 1 + (78 + -86 - (5 - (8 + 12)))?
-19
Calculate (21 - -76 - (24 + -7)) + -11.
69
What is 14 + (-86 - (-17 + (-12 - -32) + -5))?
-70
Calculate -13 + 11 + -2 + (-1 - -55) + (-713 - -716).
53
Evaluate -22 - (-44 - (25 - 78)).
-31
What is (3 - -58) + -4 + (4208 - 4189)?
76
Evaluate -84 + 0 + (1 - 3) - (108844 + -108838).
-92
Calculate -53 - (-45 + 29) - (23 - -6).
-66
Calculate 0 - 53 - (-15 + (1 - (4 - (9 - -15)))).
-59
(12 + -6 - 0) + (-58 - -7 - -13) - -4
-28
What is 1 + 2 + (-45 - (-94 + 39)) + (37 - -1)?
51
Evaluate 1 - -76 - (107 + (0 - 85)).
55
Evaluate -3 + -3 + 8 + -3 + -163 + 158.
-6
What is the value of -96 + 76 - (-196 - -111)?
65
Evaluate -3 - (-1 - -10) - -28.
16
Calculate -17 + 22 + (-3 - 1 - -9) + 5.
15
What is 12 - 11 - -69 - (-8 + 34)?
44
1 - (-5 - (-10 - 35) - -5)
-44
Evaluate -19 + (23 + 14 - 17) + (45 - 6).
40
-1 + 55 + (3874 - 3914)
14
Evaluate 5 - 12 - ((1 - -69) + (13 - (-29 + 31))).
-88
Calculate -4 + 14 + -15 + (-8 - -26) + -36.
-23
What is the value of (-25 - -73 - (84 - 0)) + 130?
94
Evaluate -8 + (42 - 15 - -23) + -39.
3
Evaluate (2 - 19) + (-73 - -62) + -18.
-46
Evaluate (53 + -24 - (14 + 3)) + -40.
-28
What is the value of (8 - -3 - (-19 - (14 + -40))) + -98?
-94
What is 24 + -16 - (13 + -13 - (-9 + -7))?
-8
-52 + (1 - -12) + (9 - -40 - 53)
-43
Calculate 8 + (-154 - -38) + 78.
-30
Calculate (50 - 0 - (-900 - -933)) + (-1 - -69).
85
What is -43 + 32 + 22 + -39 + 45?
17
-74 - (-36 + 65 + -79)
-24
(-32 - -16) + 29 - 44 - 71
-102
7 + -14 - -13 - (198 - 327)
135
Calculate (0 + 5 + -9 - -4) + (-134 - -137).
3
-40 + -8 + 46 + 43
41
Evaluate 10 + (-1 - 8) + -3 + 29.
27
What is -14 - -7 - (-2 + 2) - (-79 + 38)?
34
Calculate -7 + (-20 - -44) - -10 - -23.
50
What is (105 + 4 - 49) + -15?
45
What is 10 + -25 + 42 + 0?
27
What is 0 + -13 - 0 - (85 - (-190 - -99) - 81)?
-108
97 + (-47 - -90 - 76)
64
-7 + -2 + 1 + (-93 - -118) + 102
119
What is -114 + (-19 + -2 + 8 - (-42 + 20) - 7)?
-112
What is the value of 20 - (3 + 6 + -102 + 6)?
107
Calculate 32 + -1369 + 1194 + (1 - -2).
-140
Calculate -1 - (1 + (13 - 5)) - (4 + -22) - 63.
-55
Evaluate (9 + -58 - -10) + 25 + -9.
-23
Calculate -17 + 9 + (5 - 15) + 17 - -30.
29
78 + 34 + (-39 - 46)
27
What is (-22 - -43) + -35 + 2 - 25?
-37
What is the value of -23 + (17 - (9 + (-1 - -20)))?
-34
9 - 2 - (52 + -64 - (1 + 8))
28
Evaluate (62 - 2) + -8 + -16 + -8 + -10 + 25.
43
Calculate (-1747 - -1700) + 60 + 2.
15
Evaluate -118 - (11 + -136) - (33 + -1 + 1).
-26
Calculate (12 - (72 + -9)) + ((13 - 9) + -12 - 5).
-64
What is the value of 31 + (-160 - -119) + (3 - -19)?
12
-24 - -2 - ((-286 - -162) + 32)
70
Evaluate 4 + 116 - 8 - (-2 - -14 - -7 - 20).
113
What is the value of -1 + 78 - (-3 - -12 - -13 - (-17 - -29))?
67
What is the value of -7 + (9 - 39) + -7?
-44
140 + (-136 - 15) + 1 + 41
31
-16 + (9 - (29 - 15) - -13) - 48
-56
Calculate 109 - 114 - 125 - -37.
-93
Evaluate 91 - (124 - (0 + 127)).
94
(-83 - (-42 + -11)) + (-3 - -34)
1
Calculate 90 + 44 + -109 + (-12 - -9).
22
What is the value of -27 + 4 + 0 - (555 + -511)?
-67
-15 - ((-11 - ((-1 - -9) + -5)) + -43)
42
What is the value of (-1 - -44) + -64 + 173 + -145?
7
What is the value of -11 + -83 + (-30 - -37 - -10)?
-77
What is the value of -56 - -93 - 54 - 76?
-93
Evaluate (-23 - 22) + -37 + 45.
-37
What is the value of 1 - (11 - 53 - (-1 + (-1 - 4) + -3))?
34
-116 - (89 + -68 - 77)
-60
What is the value of -22 + -2 + 0 + (-12448 - -12447)?
-25
(-11 - -29) + -1 + -5 + 90 + -93
9
-15 + 2 - (29 - 65 - -14 - 10)
19
What is the value of 2 + (-35 - -13 - -9) - (-4 + 7 + 36)?
-50
Evaluate 2 + 88 - (-1167 + 1172).
85
Calculate (-8 - -72) + (-20 - -17) + -25.
36
Calculate (0 - (0 - -1)) + (-6 - 1 - (-49 - -1)).
40
What is the value of 52 + 11 - (-4 + (0 - 0 - (31 - 27)))?
71
Evaluate 27 - -1 - (2235 + -2185).
-22
Calculate (79 + -71 - (-1 - -6)) + -41 + 6.
-32
Calculate -1 + 1 + 3 + (0 - 0) - 9.
-6
Calculate 40 + -6 - (49 + -23 + 29).
-21
Evaluate -3 - 54 - (1299 - 1282).
-74
Calculate 15 + 3 - 0 - (-436 - -402).
52
Evaluate (-5 - 69 - (117 + -121)) + 20.
-50
What is the value of -229 - (154 + -378) - (1 + -27 + 1)?
20
What is 5 - (93 - (0 - -44))?
-44
What is 1123 + -1137 - (-5 + 9 + -1)?
-17
Calculate 146 - ((-5 - (-28 + 16)) + 1 + 7 + -17).
148
Calculate -13 - (98 - (112 - 55)).
-54
Calculate -1 + -29 + 741 + -689 - 38.
-16
43 - (-29 - -43 - (-10 + 3 - -16))
38
What is the value of -20 - ((-2 - 11) + 7 + -5)?
-9
What is (-4 - -25) + (-52 - (119 - 84))?
-66
(18 - -98 - (-1 + -6)) + -230 + 221
114
What is 31 + (-11 - (-9 - (-13 + 11)))?
27
24 - -2 - ((-4 + -3 - (77 + -60)) + 36)
14
Calculate 51 - (8 + -6 + 8 + -10 + 2 + -1).
50
Evaluate 120 + 6 + 52 + -115.
63
What is the value of -2 - (39 + 71 + -136)?
24
6 - (1 + 0) - (-185 + 383 - 192)
-1
What is 0 - (-68 - -37 - -69)?
-38
What is (253 - 266) + (-6 - -14 - 78)?
-83
8 + -19 + (-12 - (7 + -37)) + 47
54
Evaluate -24 + 79 + 78 + -107.
26
-57 + 30 + 98 - 15
56
(-35 - (-13 - 21)) + (-11 - -6)
-6
Evaluate 0 + -13 - (-51 - (16 - (2 + 4))).
48
-147 + 168 + (-12 - (1 - 3)) - 60
-49
Calculate 31 - (-43 - -23 - -24) - 90.
-63
-14 + (-19 - -29) + 0 + 1
-3
-87 + (18 + 26 + -32 - (5 + 0))
-80
Calculate (-2 + -5 - (-3 - (35 - 31))) + 1 + 12.
13
What is the value of -2 + 4 - -1 - -10 - (146 + -142)?
9
Evaluate 15 - (-63 - (-34 - -72) - -13).
103
157 + -2 + -13 + (41 - 2 - 43)
138
Evaluate 53 + -126 -